{"id":6881,"date":"2023-12-13T11:06:25","date_gmt":"2023-12-13T08:06:25","guid":{"rendered":"https:\/\/jesseracing.com\/?page_id=6881"},"modified":"2024-12-13T14:18:52","modified_gmt":"2024-12-13T11:18:52","slug":"kilpailusijoitukset-2024","status":"publish","type":"page","link":"https:\/\/jesseracing.com\/?page_id=6881","title":{"rendered":"Kilpailusijoitukset 2024"},"content":{"rendered":"\n<h2 class=\"wp-block-heading\"><strong>Kilpailusijoitukset 2024<\/strong><\/h2>\n\n\n\n<figure class=\"wp-block-table is-style-stripes\"><table><tbody><tr><td width=60px><strong>Kilpailu<\/strong><\/td><td width=150px><strong>Paikkakunta<\/strong><\/td><td><strong>Aika<\/strong><\/td><td width=60px><strong>Sijoitus<\/strong><\/td><td width=50%><\/td><\/tr>\n<tr><td width=60px>1.<\/td><td width=150px><strong>Kouvola<\/strong><\/td><td><strong>11.5.2024<\/strong><\/td><td width=60px><strong>1 sija<\/strong><\/td><td width=50%><\/td><\/tr>\n<tr><td>2.<\/td><td><strong>Kouvola<\/strong><\/td><td><strong>12.5.2024<\/strong><\/td><td><strong>5 sija<\/strong><\/td><td><\/td><\/tr>\n<tr><td>3.<\/td><td><strong>Oulu<\/strong><\/td><td><strong>8.6.2024<\/strong><\/td><td><strong>2 sija<\/strong><\/td><td><\/td><\/tr>\n<tr><td>4.<\/td><td><strong>Oulu<\/strong><\/td><td><strong>9.6.2024<\/strong><\/td><td><strong>1 sija<\/strong><\/td><td><\/td><\/tr>\n<tr><td>5.<\/td><td><strong>Vihti<\/strong><\/td><td><strong>6.7.2024<\/strong><\/td><td><strong>3 sija<\/strong><\/td><td><\/td><\/tr>\n<tr><td>6.<\/td><td><strong>Vihti<\/strong><\/td><td><strong>7.7.2024<\/strong><\/td><td><strong>2 sija<\/strong><\/td><td><\/td><\/tr>\n<tr><td>7.<\/td><td><strong>Lahti<\/strong><\/td><td><strong>3.8.2024<\/strong><\/td><td><strong>2 sija<\/strong><\/td><td><\/td><\/tr>\n<tr><td>8.<\/td><td><strong>Lahti<\/strong><\/td><td><strong>4.8.2024<\/strong><\/td><td><strong>7 sija<\/strong><\/td><td><\/td><\/tr>\n<tr><td>9.<\/td><td><strong>Alah\u00e4rm\u00e4<\/strong><\/td><td><strong>7.9.2024<\/strong><\/td><td><strong>8 sija<\/strong><\/td><td><\/td><\/tr>\n<tr><td>10.<\/td><td><strong>Alah\u00e4rm\u00e4<\/strong><\/td><td><strong>8.9.2024<\/strong><\/td><td><strong>2 sija<\/strong><\/td><td><\/td><\/tr>\n<tr><td>11.<\/td><td><strong>Zuera<\/strong><\/td><td><strong>25-30.11.2024<\/strong><\/td><td><strong>81 sija<\/strong><\/td><td><\/td><\/tr>\n<\/tbody><\/table><\/figure>\n","protected":false},"excerpt":{"rendered":"<p>Kilpailusijoitukset 2024 Kilpailu Paikkakunta Aika Sijoitus 1. Kouvola 11.5.2024 1 sija 2. Kouvola 12.5.2024 5 sija 3. Oulu 8.6.2024 2 sija 4. Oulu 9.6.2024 1 sija 5. Vihti 6.7.2024 3 sija 6. Vihti 7.7.2024 2 sija 7. Lahti 3.8.2024 2 sija 8. Lahti 4.8.2024 7 sija 9. Alah\u00e4rm\u00e4 7.9.2024 8 sija 10. Alah\u00e4rm\u00e4 8.9.2024 2 [&hellip;]<\/p>\n","protected":false},"author":1,"featured_media":0,"parent":0,"menu_order":0,"comment_status":"closed","ping_status":"closed","template":"","meta":{"footnotes":""},"class_list":["post-6881","page","type-page","status-publish","hentry","small-justify-block","no-thumb"],"_links":{"self":[{"href":"https:\/\/jesseracing.com\/index.php?rest_route=\/wp\/v2\/pages\/6881","targetHints":{"allow":["GET"]}}],"collection":[{"href":"https:\/\/jesseracing.com\/index.php?rest_route=\/wp\/v2\/pages"}],"about":[{"href":"https:\/\/jesseracing.com\/index.php?rest_route=\/wp\/v2\/types\/page"}],"author":[{"embeddable":true,"href":"https:\/\/jesseracing.com\/index.php?rest_route=\/wp\/v2\/users\/1"}],"replies":[{"embeddable":true,"href":"https:\/\/jesseracing.com\/index.php?rest_route=%2Fwp%2Fv2%2Fcomments&post=6881"}],"version-history":[{"count":34,"href":"https:\/\/jesseracing.com\/index.php?rest_route=\/wp\/v2\/pages\/6881\/revisions"}],"predecessor-version":[{"id":8359,"href":"https:\/\/jesseracing.com\/index.php?rest_route=\/wp\/v2\/pages\/6881\/revisions\/8359"}],"wp:attachment":[{"href":"https:\/\/jesseracing.com\/index.php?rest_route=%2Fwp%2Fv2%2Fmedia&parent=6881"}],"curies":[{"name":"wp","href":"https:\/\/api.w.org\/{rel}","templated":true}]}}