{"id":2257,"date":"2019-04-08T11:43:35","date_gmt":"2019-04-08T08:43:35","guid":{"rendered":"https:\/\/jesseracing.com\/?page_id=2257"},"modified":"2020-01-03T10:29:21","modified_gmt":"2020-01-03T07:29:21","slug":"kilpailukalenteri-2019","status":"publish","type":"page","link":"https:\/\/jesseracing.com\/?page_id=2257","title":{"rendered":"Kilpailukalenteri 2019"},"content":{"rendered":"\n<div class=\"wp-block-image\"><figure class=\"aligncenter\"><a href=\"http:\/\/www.kartingsm.fi\/\" target=\"_blank\" rel=\"noreferrer noopener\"><img loading=\"lazy\" decoding=\"async\" width=\"620\" height=\"91\" src=\"https:\/\/jesseracing.com\/wp-content\/uploads\/2019\/04\/KARTING-SJM.jpeg\" alt=\"\" class=\"wp-image-2247\" srcset=\"https:\/\/jesseracing.com\/wp-content\/uploads\/2019\/04\/KARTING-SJM.jpeg 620w, https:\/\/jesseracing.com\/wp-content\/uploads\/2019\/04\/KARTING-SJM-300x44.jpeg 300w\" sizes=\"auto, (max-width: 620px) 100vw, 620px\" \/><\/a><figcaption>Lis\u00e4tietoa: <a rel=\"noreferrer noopener\" aria-label=\" (avautuu uudessa v\u00e4lilehdess\u00e4)\" href=\"http:\/\/www.kartingsm.fi\/\" target=\"_blank\">Karting SJM<\/a><\/figcaption><\/figure><\/div>\n\n\n\n<div class=\"wp-block-image\"><figure class=\"aligncenter is-resized\"><a href=\"https:\/\/www.facebook.com\/groups\/476857382848913\/?ref=bookmarks\" target=\"_blank\" rel=\"noreferrer noopener\"><img loading=\"lazy\" decoding=\"async\" src=\"https:\/\/jesseracing.com\/wp-content\/uploads\/2019\/04\/etelacup-1024x517.jpg\" alt=\"\" class=\"wp-image-2246\" width=\"620\" height=\"313\" srcset=\"https:\/\/jesseracing.com\/wp-content\/uploads\/2019\/04\/etelacup-1024x517.jpg 1024w, https:\/\/jesseracing.com\/wp-content\/uploads\/2019\/04\/etelacup-300x151.jpg 300w, https:\/\/jesseracing.com\/wp-content\/uploads\/2019\/04\/etelacup-768x388.jpg 768w, https:\/\/jesseracing.com\/wp-content\/uploads\/2019\/04\/etelacup.jpg 1030w\" sizes=\"auto, (max-width: 620px) 100vw, 620px\" \/><\/a><figcaption>Lis\u00e4tietoa: <a href=\"https:\/\/www.facebook.com\/groups\/476857382848913\/?ref=bookmarks\" target=\"_blank\" rel=\"noreferrer noopener\" aria-label=\" (avautuu uudessa v\u00e4lilehdess\u00e4)\">Etel\u00e4Cup<\/a><\/figcaption><\/figure><\/div>\n\n\n\n<table class=\"wp-block-table has-fixed-layout is-style-stripes\"><tbody><tr><td>Kartingliitto<\/td><td>28.4.2019<\/td><td>Porin Kev\u00e4tp\u00e4r\u00e4ys<\/td><\/tr><tr><td>Etel\u00e4 Cup 1\/6<\/td><td>8.5.2019<\/td><td>Vihti<\/td><\/tr><tr><td>Kartingliitto<\/td><td>18-19.5.2019<\/td><td>Monako tuplakisa<\/td><\/tr><tr><td><strong>SJM<\/strong><\/td><td><strong>23-26.5.2019<\/strong><\/td><td><strong>Vihti SJM<\/strong><\/td><\/tr><tr><td>Etel\u00e4 Cup 2\/6<\/td><td>29.5.2019<\/td><td>Hyvink\u00e4\u00e4<\/td><\/tr><tr><td><strong>SJM<\/strong><\/td><td><strong>14-16.6.2019<\/strong><\/td><td><strong>Lentola SJM<\/strong><\/td><\/tr><tr><td>Etel\u00e4 Cup 3\/6<\/td><td>19.6.2019<\/td><td>Vantaa\/Keimola<\/td><\/tr><tr><td><strong>SJM<\/strong><\/td><td><strong>5-7.7.2019<\/strong><\/td><td><strong>Keimola SJM<\/strong><br><\/td><\/tr><tr><td>X30 &#8211; ???<\/td><td>13-14.7.2019<\/td><td>Jyv\u00e4skyl\u00e4\/Ruuhim\u00e4ki<\/td><\/tr><tr><td><strong>SJM<\/strong><\/td><td><strong>25-28.7.2019<\/strong><\/td><td><strong>Ruuhim\u00e4ki SJM<\/strong><\/td><\/tr><tr><td>Etel\u00e4 Cup 4\/6<\/td><td>31.7.2019<\/td><td>Vihti<\/td><\/tr><tr><td><strong>SJM<\/strong><\/td><td><strong>7-11.8.2019<\/strong><\/td><td><strong>Kouvola SJM<\/strong><\/td><\/tr><tr><td>Etel\u00e4 Cup 5\/6<\/td><td>21.8.2019<\/td><td>Hyvink\u00e4\u00e4<\/td><\/tr><tr><td>Aluemestaruus <\/td><td>1.9.2019<\/td><td>Lentola<\/td><\/tr><tr><td>Etel\u00e4 Cup 6\/6<\/td><td>11.9.2019<\/td><td>Vantaa<\/td><\/tr><tr><td><strong>Mestareiden kisa<\/strong> <\/td><td><strong>21-22.9.2019<\/strong><\/td><td><strong>Hyvink\u00e4\u00e4<\/strong><\/td><\/tr><\/tbody><\/table>\n","protected":false},"excerpt":{"rendered":"<p>Kartingliitto 28.4.2019 Porin Kev\u00e4tp\u00e4r\u00e4ys Etel\u00e4 Cup 1\/6 8.5.2019 Vihti Kartingliitto 18-19.5.2019 Monako tuplakisa SJM 23-26.5.2019 Vihti SJM Etel\u00e4 Cup 2\/6 29.5.2019 Hyvink\u00e4\u00e4 SJM 14-16.6.2019 Lentola SJM Etel\u00e4 Cup 3\/6 19.6.2019 Vantaa\/Keimola SJM 5-7.7.2019 Keimola SJM X30 &#8211; ??? 13-14.7.2019 Jyv\u00e4skyl\u00e4\/Ruuhim\u00e4ki SJM 25-28.7.2019 Ruuhim\u00e4ki SJM Etel\u00e4 Cup 4\/6 31.7.2019 Vihti SJM 7-11.8.2019 Kouvola SJM Etel\u00e4 Cup [&hellip;]<\/p>\n","protected":false},"author":1,"featured_media":0,"parent":0,"menu_order":0,"comment_status":"closed","ping_status":"closed","template":"","meta":{"footnotes":""},"class_list":["post-2257","page","type-page","status-publish","hentry","small-justify-block","no-thumb"],"_links":{"self":[{"href":"https:\/\/jesseracing.com\/index.php?rest_route=\/wp\/v2\/pages\/2257","targetHints":{"allow":["GET"]}}],"collection":[{"href":"https:\/\/jesseracing.com\/index.php?rest_route=\/wp\/v2\/pages"}],"about":[{"href":"https:\/\/jesseracing.com\/index.php?rest_route=\/wp\/v2\/types\/page"}],"author":[{"embeddable":true,"href":"https:\/\/jesseracing.com\/index.php?rest_route=\/wp\/v2\/users\/1"}],"replies":[{"embeddable":true,"href":"https:\/\/jesseracing.com\/index.php?rest_route=%2Fwp%2Fv2%2Fcomments&post=2257"}],"version-history":[{"count":23,"href":"https:\/\/jesseracing.com\/index.php?rest_route=\/wp\/v2\/pages\/2257\/revisions"}],"predecessor-version":[{"id":2796,"href":"https:\/\/jesseracing.com\/index.php?rest_route=\/wp\/v2\/pages\/2257\/revisions\/2796"}],"wp:attachment":[{"href":"https:\/\/jesseracing.com\/index.php?rest_route=%2Fwp%2Fv2%2Fmedia&parent=2257"}],"curies":[{"name":"wp","href":"https:\/\/api.w.org\/{rel}","templated":true}]}}