{"id":1944,"date":"2018-10-10T21:59:05","date_gmt":"2018-10-10T18:59:05","guid":{"rendered":"https:\/\/jesseracing.com\/?page_id=1944"},"modified":"2018-12-21T11:36:03","modified_gmt":"2018-12-21T08:36:03","slug":"kilpailusijoitukset-2018","status":"publish","type":"page","link":"https:\/\/jesseracing.com\/?page_id=1944","title":{"rendered":"Kilpailusijoitukset 2018"},"content":{"rendered":"<h4>Kilpailusijoitukset 2018<\/h4>\n<ol>\n<li>Kouvola IAME Series &#8211; 1 Finaali 19 (Rookie 2) \u2013 2 Finaali 16 (Rookie 4) &#8211; Aika-ajo 23<\/li>\n<li>Vihti Kartingliitto (harjoituskilpailu) &#8211; Finaali 7 sija (yleisen 11) \u2013 Aika-ajo 4 (yleinen 8)<\/li>\n<li>Vihti Kartingliitto \u2013 Finaali 5 sija (yleinen 9) \u2013 Aika-ajo 5 (yleinen 9)<\/li>\n<li>Joensuu IAME Series 1 Finaali 16 (Rookie 5) \u2013 2 Finaali 20 (Rookie 6) \u2013 Aika-ajo 19<\/li>\n<li>J\u00e4ms\u00e4 Kartingliitto (harjoituskilpailu) \u2013 Finaali 4 \u2013 Aika-ajo 3<\/li>\n<li>J\u00e4ms\u00e4 Kartingliitto \u2013 Finaali 2 \u2013 Aika-ajo 1<\/li>\n<li>Paimio IAME Series \u2013 1 Finaali 22 (Rookie 9) \u2013 2 Finaali keskeytys \u2013 Aika-ajo 15<\/li>\n<li>Vammala Kartingliitto (harjoituskilpailu) \u2013 Finaali 1 \u2013 Aika-ajo 1<\/li>\n<li>Vammala Kartingliitto \u2013 Finaali 1 \u2013 Aika-ajo 1<\/li>\n<li>Alah\u00e4rm\u00e4 IAME Series &#8211; 1 Finaali 27 (Rookie 7) \u2013 2 Finaali 17 (Rookie 6) &#8211; Aika-ajo 20<\/li>\n<li>Kangasala Kartingliitto \u2013 Finaali 3 \u2013 Aika-ajo 3<\/li>\n<li>Vaasa Kartingliitto \u2013 Finaali 4 (yleinen 9) \u2013 Aika-ajo 15 (yleinen 21)<\/li>\n<\/ol>\n<p>Katsaus menneeseen vuoteen. Tavoitteiden osalta p\u00e4\u00e4stiin juuri ja juuri tavoitteisiin vaikka tehtiin enemm\u00e4n virheit\u00e4 kun olisi uskonut. Mennyt vuosi oli kuitenkin opettava ja n\u00e4ytti meille sen ett\u00e4 vauhtia on kun saadaan auto s\u00e4\u00e4t\u00f6ihin. Uudessa luokassa v\u00e4litykset ja rengaspaineet n\u00e4yttelev\u00e4t suurta osaa. Jos ne ovat v\u00e4\u00e4r\u00e4t ei tarvitse hyv\u00e4st\u00e4 vauhdista haaveilla. N\u00e4ill\u00e4 n\u00e4kymin ajamme p\u00e4\u00e4sarjana ensivuonna Kartingin Suomen Mestaruudesta Mini60 luokassa eli Mini60 SJM. T\u00e4m\u00e4n vuoden perusteella voi melkein nyt jo sanoa ett\u00e4 lopputuloksissa t\u00e4ht\u00e4\u00e4mme 3 parhaan joukkoon.<\/p>\n<ul>\n<li>\n<h5><span style=\"color: #61c761;\"><strong><a style=\"color: #61c761;\" href=\"https:\/\/jesseracing.com\/wp-content\/uploads\/2018\/12\/Mini60Junior2018Sarjataulukko.pdf\" target=\"_blank\" rel=\"noopener\">Mini60 Junior 2018 Sarjataulukko<\/a><\/strong><\/span><\/h5>\n<\/li>\n<li>\n<h5><span style=\"color: #61c761;\"><a style=\"color: #61c761;\" href=\"https:\/\/jesseracing.com\/wp-content\/uploads\/2018\/12\/IAME-Series-Mini60-2018.pdf\" target=\"_blank\" rel=\"noopener\"><strong>IAME Series Mini60 &#8211; 2018 Sarjataulukko<\/strong><\/a><\/span><\/h5>\n<\/li>\n<\/ul>\n<p>Jesse kiitt\u00e4\u00e4 yhteisty\u00f6kumppaneita vuodesta 2018!<\/p>\n<ul>\n<li><strong>ITeXpert Finland Oy<\/strong><\/li>\n<li><strong>Biorex Cinemas Oy<\/strong><\/li>\n<li><strong>Janakkalan Putkity\u00f6 Oy<\/strong><\/li>\n<li><strong>Kiinteist\u00f6 Oy J\u00e4rviset<\/strong><\/li>\n<li><strong>Mainostalo Penexon Oy<\/strong><\/li>\n<li><strong>Rateman Oy<\/strong><\/li>\n<li><strong>DoorOne Suomi Oy<\/strong><\/li>\n<li><strong>H\u00e4t\u00e4l\u00e4 Oy<\/strong><\/li>\n<li><strong>TK BodyBalance<\/strong><\/li>\n<li><strong>FAW<\/strong><\/li>\n<\/ul>\n","protected":false},"excerpt":{"rendered":"<p>Kilpailusijoitukset 2018 Kouvola IAME Series &#8211; 1 Finaali 19 (Rookie 2) \u2013 2 Finaali 16 (Rookie 4) &#8211; Aika-ajo 23 Vihti Kartingliitto (harjoituskilpailu) &#8211; Finaali 7 sija (yleisen 11) \u2013 Aika-ajo 4 (yleinen 8) Vihti Kartingliitto \u2013 Finaali 5 sija (yleinen 9) \u2013 Aika-ajo 5 (yleinen 9) Joensuu IAME Series 1 Finaali 16 (Rookie 5) [&hellip;]<\/p>\n","protected":false},"author":1,"featured_media":0,"parent":0,"menu_order":0,"comment_status":"closed","ping_status":"closed","template":"","meta":{"footnotes":""},"class_list":["post-1944","page","type-page","status-publish","hentry","small-justify-block","no-thumb"],"_links":{"self":[{"href":"https:\/\/jesseracing.com\/index.php?rest_route=\/wp\/v2\/pages\/1944","targetHints":{"allow":["GET"]}}],"collection":[{"href":"https:\/\/jesseracing.com\/index.php?rest_route=\/wp\/v2\/pages"}],"about":[{"href":"https:\/\/jesseracing.com\/index.php?rest_route=\/wp\/v2\/types\/page"}],"author":[{"embeddable":true,"href":"https:\/\/jesseracing.com\/index.php?rest_route=\/wp\/v2\/users\/1"}],"replies":[{"embeddable":true,"href":"https:\/\/jesseracing.com\/index.php?rest_route=%2Fwp%2Fv2%2Fcomments&post=1944"}],"version-history":[{"count":15,"href":"https:\/\/jesseracing.com\/index.php?rest_route=\/wp\/v2\/pages\/1944\/revisions"}],"predecessor-version":[{"id":1964,"href":"https:\/\/jesseracing.com\/index.php?rest_route=\/wp\/v2\/pages\/1944\/revisions\/1964"}],"wp:attachment":[{"href":"https:\/\/jesseracing.com\/index.php?rest_route=%2Fwp%2Fv2%2Fmedia&parent=1944"}],"curies":[{"name":"wp","href":"https:\/\/api.w.org\/{rel}","templated":true}]}}